ors of r?
31
Let u be (-3464)/(-16) - 1/2. Suppose -4*f = -f - u. List the prime factors of f.
2, 3
Let m be -7*((-116)/(-28) + -5). List the prime factors of ((-2)/m)/(3/(-405)).
3, 5
What are the prime factors of ((-1)/2)/((15/(-6024))/5)?
2, 251
Let c(i) = i**2 - 23*i - 42. What are the prime factors of c(-18)?
2, 3, 29
List the prime factors of -614*(-7)/(-14)*-2.
2, 307
Let b(c) = 6*c**2 + 15*c + 7. Let t be b(-4). Let q = t - 15. What are the prime factors of q?
2, 7
Suppose -806*n + 790*n = -47040. List the prime factors of n.
2, 3, 5, 7
Suppose 5*q + 5*o - 50 = 0, 3*q - 2*o = -3*o + 20. What are the prime factors of (1 - 24)*(-10 - q/(-1))?
5, 23
What are the prime factors of 28863/135 - 1/(-5)?
2, 107
Suppose 0*h = 3*h - d - 55, -85 = -5*h - 5*d. Let k = 90 - 47. Let p = k - h. What are the prime factors of p?
5
Suppose -f - 4*s + 7*s + 19 = 0, 27 = f - 5*s. Let n(i) = -i**3 + 11*i**2 + 5*i. List the prime factors of n(f).
3, 7, 11
Suppose -4*u + 5*d + 14 + 1 = 0, -5*d = 2*u - 45. Suppose 2*i + 81 = 5*r, 3*i + 154 = -r - u. Let h = 95 + i. List the prime factors of h.
2, 3, 7
Suppose 6*l + 1278 = 3*o + 7*l, 0 = -3*l. List the prime factors of o.
2, 3, 71
Let d(x) = -x + 10. Let y be d(8). Suppose -24 = -n - f, -y*n - f + 52 = 3*f. What are the prime factors of n?
2, 11
Suppose 7*f + 275 - 2438 = 0. Suppose 0 = -8*i + f - 85. List the prime factors of i.
2, 7
What are the prime factors of 2*-1*(650/(-4) + 8)?
3, 103
Let x(j) = -9 + 13 - 6 - 78*j. List the prime factors of x(-1).
2, 19
Let m(h) = -16*h - 1. Let u be m(-4). Suppose u = 3*n + 3. Suppose 4*o - 70 = -2*w, -o + 5*w + n + 3 = 0. List the prime factors of o.
2, 3
Suppose 2*c = 7*c + 90. Let r = c - -20. Suppose r*g - 5*g = -114. What are the prime factors of g?
2, 19
What are the prime factors of 9816/21 + (-12)/28?
467
Let h be (-5 - (-85)/20)/(3/(-8)). Suppose 0 = h*z - 144 - 28. What are the prime factors of z?
2, 43
What are the prime factors of 8/(176/13542) - 12/22?
3, 5, 41
Suppose 84*z - 5220 = 66*z. What are the prime factors of z?
2, 5, 29
Let s(p) = -p**3 - 4*p**2 - 8*p - 2. Let x be s(-7). Let b = 298 - x. List the prime factors of b.
97
Let j(f) = 11*f**2 - 6*f - 7. Let a(c) = 10*c**2 - 5*c - 8. Let s(t) = 6*a(t) - 5*j(t). What are the prime factors of s(4)?
67
Let b(u) = -u + 8. Let v be b(10). Let w be (-632)/(-4 + 4 + v). What are the prime factors of (w/8)/(3/6)?
79
Let g be (10/1)/(18/27). Let m(b) = -b**2 + 15*b + 3. Let t be m(g). Suppose -34 = -t*c - 10. List the prime factors of c.
2
Let o(q) = -2*q**3 - 4*q**2 - 3*q - 1. Let p be o(-2). Suppose -4*a = -0*a - w + 144, -p*w = 0. What are the prime factors of (228/a)/((-2)/6)?
19
Suppose 49 = -8*m - 79. List the prime factors of ((-135)/(-4))/((-6)/m).
2, 3, 5
Let y(m) = -m**3 + 13*m**2 - 11*m + 3. What are the prime factors of y(10)?
193
Suppose 17671 = -42*w + 54799. List the prime factors of w.
2, 13, 17
Suppose m - 41 = -2*x, 0*m + 2*m + x = 91. Let w = m - -17. What are the prime factors of w?
2
Suppose 31*c - 48794 + 15035 = 0. List the prime factors of c.
3, 11
Suppose c - 361 = -b, -2*c = -2*b - 261 - 473. What are the prime factors of c?
2, 7, 13
Let w = -613 - -1125. List the prime factors of w.
2
Suppose -3*l = -6*l + 264. Suppose 4*o + 2*d = 3*d + 181, -2*d = 2*o - l. Suppose 2*h + h - o = 0. List the prime factors of h.
3, 5
Suppose 0 = 4*r - 5 - 7. Suppose 37 = u - 3*t + 8*t, 0 = 3*u - r*t - 201. List the prime factors of (u/(-1))/(-1 + -1).
31
Suppose 0 = -7*m + 279 + 3466. What are the prime factors of m?
5, 107
Let o(g) = -g**2 - g + 76. What are the prime factors of o(0)?
2, 19
Suppose -2*s - 7*z = -6*z - 1427, -5*s - 4*z + 3572 = 0. What are the prime factors of s?
2, 89
Let j(x) = x**2 - 12*x - 19. Let l = 48 - 30. What are the prime factors of j(l)?
89
Let t be ((-30)/(-20))/((-1)/(-2)). Let f(k) = -2*k - 2 + 9 - t*k - 2. What are the prime factors of f(-5)?
2, 3, 5
Let d = -31 - -63. Suppose -2*p + 0*p - 34 = 0. Let k = p + d. What are the prime factors of k?
3, 5
Suppose -4*v - 47 = 3*g + 2*g, 4*g = -5*v - 61. Let f(r) = 2*r**2 + 16*r + 15. What are the prime factors of f(v)?
5, 29
Suppose -3*h + 1343 = 7*c - 5*c, 3*c - 2006 = 4*h. List the prime factors of c.
2, 5, 67
Suppose 5*g - 926 = 5*y - 2256, -3*g = 3*y - 822. What are the prime factors of y?
2, 3, 5
Suppose -5*f = 15, -3*x - f + 0*f = 102. Let c = -37 - x. List the prime factors of (4 + c - -7)*1.
7
Let n = -57 - -102. Let t = 35 - 59. Let k = n + t. List the prime factors of k.
3, 7
Let g be (3 + (1 - -7))*-1. Let i(m) = m**2 + 13*m + 1. Let n be i(g). Let c = n - -40. List the prime factors of c.
19
Let f = 113 + -51. Suppose -132 = 4*t - 4*i, 2*t - 5*i + 94 = -10*i. Let o = t + f. List the prime factors of o.
5
Let w(p) = -p**3 + 12*p**2 - p - 17. Let y be w(13). Let x = 0 - y. List the prime factors of x.
199
Suppose 3*v - 5*q - 4400 = 0, 11088 = 5*v - 3*q + 3728. What are the prime factors of v?
5, 59
List the prime factors of (-82 - (9 - 4))/(16/(-432)).
3, 29
Let z = 1603 + -545. What are the prime factors of z?
2, 23
Suppose 2*d - 12 = -4*d. List the prime factors of d/(10/(-635))*(-4)/2.
2, 127
Suppose 0 = -5*r + 4*y + 2631, -2*r + 3*y + 512 = -546. What are the prime factors of r?
523
Let b = 12 + -9. Let z(d) = 5 + 7*d + 12*d**2 - 3 - 7 + d**3 - b. List the prime factors of z(-11).
2, 3
Let z = -225 - -391. List the prime factors of z.
2, 83
List the prime factors of 6690/(-9)*(-9)/3.
2, 5, 223
What are the prime factors of (-2)/7 + (10638/42 - 7)?
2, 3, 41
Suppose 21*t = 45*t - 13344. What are the prime factors of t?
2, 139
Suppose 2*b + 36 = 3*b. Let j = b - 0. Suppose -5*g = 2*n - j - 40, -163 = -5*n + g. What are the prime factors of n?
3, 11
Let w = -35 + 39. Suppose 3*p - 283 = 3*h + 149, -p - w*h = -139. What are the prime factors of p?
11, 13
Let w be (20/3 - 7)/(2/6). Let a(j) = 260*j**2 - j - 1. What are the prime factors of a(w)?
2, 5, 13
Suppose 5*n - 8 = -3*o - 2, 24 = 3*n - 5*o. Suppose -3*f + 492 = n*f. List the prime factors of f.
2, 41
Let w = -3 - -6. Let r(l) = 9*l + 12*l - 5 - 21*l + 3*l + 4*l. What are the prime factors of r(w)?
2
Let w = 2914 + -877. List the prime factors of w.
3, 7, 97
Suppose -2*n - v = -765, 2*n - 1149 = -n - v. Let q = n + -197. What are the prime factors of q?
11, 17
Let b = 368 - 192. List the prime factors of b.
2, 11
Suppose 52 - 16 = -2*j. Let l = 32 - j. List the prime factors of l.
2, 5
Let w(s) = s**3 + 7*s**2 + 4*s + 1. Suppose 3*d - 11 = 19. Let h = -16 + d. What are the prime factors of w(h)?
13
Let t(x) = -107*x + 49. What are the prime factors of t(-4)?
3, 53
Let x(t) be the third derivative of t**4/24 + 7*t**3/2 + 4*t**2. What are the prime factors of x(-8)?
13
Suppose -22*q = 14*q - 16452. What are the prime factors of q?
457
Let u be 11 + (15*-1)/5. Let v(m) = 12 + 0*m - 16 + u*m. List the prime factors of v(6).
2, 11
Let x(q) = -28*q - 6. Let n be x(-10). Let d = 474 - n. What are the prime factors of d?
2, 5
Let c be -6*(-3)/27*(-105)/(-10). List the prime factors of (c/(-3))/(3/(-396)*2).
2, 7, 11
Let c = 201 - -146. List the prime factors of c.
347
Suppose -1500*u = -1497*u - 6669. What are the prime factors of u?
3, 13, 19
Let s be 28/(-8)*(-32)/14. Let d be -4 + s - (-16)/1. Suppose 20 = z - d. What are the prime factors of z?
2, 5
Let d(r) = -r. Let x be d(-9). Let b be (x/(-6))/(3/(-8)). Suppose -72 = -0*y - b*y. What are the prime factors of y?
2, 3
Let g(o) = -o + 22. Suppose 5*n - 10 = 3*d + 4, 2 = d. Suppose 0 = n*h - 8*h + 64. What are the prime factors of g(h)?
2, 3
Suppose 1 = -2*i + 4*n + 7, 3 = i + 4*n. Suppose 0 = -i*m - 4*f + 5*f + 175, m + 4*f - 67 = 0. What are the prime factors of m?
59
Suppose 4*z = 5*b + 7631, 5*b + 863 = z - 1026. What are the prime factors of z?
2, 3, 11, 29
Suppose 3*h - 25 = -5*j + 15, h = 2*j + 28. Suppose -432 = -23*k + h*k. List the prime factors of k.
2, 3
Let x = 33 + -33. Suppose 2*v - d - 96 = 3*d, -2*v + 5*d + 101 = x. List the prime factors of v.
2, 19
Suppose f + 2*f + 2*k = 7, 5*f + k - 14 = 0. Suppose -y = -f - 0. Suppose 5*c - y*b - 44 = 0, 3*c - 4*b = 53 - 20. What are the prime factors of c?
7
Let b(j) = -j + 28. Let n be (-2 + -16 + 2)*1. Let a = 16 + n. What are the prime factors of b(a)?
2